{"id":5,"date":"2020-01-13T11:17:52","date_gmt":"2020-01-13T11:17:52","guid":{"rendered":"https:\/\/demosites.io\/web-agency-gb\/?page_id=5"},"modified":"2023-01-16T13:47:05","modified_gmt":"2023-01-16T12:47:05","slug":"15c42-web-agency-gb-home","status":"publish","type":"page","link":"https:\/\/www.ebics.sk\/","title":{"rendered":"EBICS"},"content":{"rendered":"\n<div class=\"wp-block-cover alignfull is-light ticss-c615c711\" style=\"min-height:500px;aspect-ratio:unset;\"><span aria-hidden=\"true\" class=\"wp-block-cover__background has-background-dim-0 has-background-dim\"><\/span><img loading=\"lazy\" decoding=\"async\" width=\"1366\" height=\"768\" class=\"wp-block-cover__image-background wp-image-109\" alt=\"\" src=\"https:\/\/www.ebics.sk\/wp-content\/uploads\/2020\/07\/web-design-studio-01.jpg.jpg\" style=\"object-position:49% 63%\" data-object-fit=\"cover\" data-object-position=\"49% 63%\"\/><div class=\"wp-block-cover__inner-container is-layout-flow wp-block-cover-is-layout-flow\"><div class=\"wp-block-image\">\n<figure class=\"aligncenter size-full\"><img loading=\"lazy\" decoding=\"async\" width=\"200\" height=\"92\" src=\"https:\/\/www.ebics.sk\/wp-content\/uploads\/2023\/01\/cropped-Logo_ready_for_ebics.png\" alt=\"\" class=\"wp-image-365\"\/><figcaption class=\"wp-element-caption\">  <\/figcaption><\/figure>\n<\/div>\n\n\n<p><\/p>\n\n\n\n<h1 class=\"has-text-align-center has-text-color wp-block-heading\" style=\"color:#121212\"><strong>Firemn\u00e1 br\u00e1na pre EBICS<\/strong><\/h1>\n\n\n\n<p class=\"has-text-align-center has-text-color\" style=\"color:#121212;font-size:17px\">\u0160tandardizovan\u00e1, spo\u013eahliv\u00e1 a bezpe\u010dn\u00e1.<\/p>\n\n\n\n<div class=\"wp-block-buttons ticss-b017bac2 is-horizontal is-content-justification-center is-layout-flex wp-container-core-buttons-is-layout-499968f5 wp-block-buttons-is-layout-flex\">\n<div class=\"wp-block-button is-style-primary ticss-749f9b14\"><a class=\"wp-block-button__link has-nv-site-bg-color has-text-color wp-element-button\" href=\"https:\/\/www.mdpraha.cz\" style=\"border-radius:6px\">VIAC INFORM\u00c1CI\u00cd<\/a><\/div>\n<\/div>\n<\/div><\/div>\n\n\n\n<div style=\"height:46px\" aria-hidden=\"true\" class=\"wp-block-spacer\"><\/div>\n\n\n\n<p class=\"ticss-3cedd212\"><strong>EBICS<\/strong>\u00a0(<strong>E<\/strong>lectronic\u00a0<strong>B<\/strong>anking\u00a0<strong>I<\/strong>nternet\u00a0<strong>C<\/strong>ommunication\u00a0<strong>S<\/strong>tandard) je internetov\u00fd komunika\u010dn\u00fd \u0161tandard elektronick\u00e9ho bankovn\u00edctva pre zabezpe\u010den\u00fa komunik\u00e1ciu podnik-banka, banka-banka a banka-CSM (vr\u00e1tane \u0161ifrovania, kompresie a elektronick\u00e9ho podpisu).<\/p>\n\n\n\n<h3 class=\"wp-block-heading\"><strong>Harmoniz\u00e1cia elektronick\u00e9ho bankovn\u00edctva \u2013 v\u00edzia a realita<\/strong><\/h3>\n\n\n\n<p class=\"ticss-3cedd212\">EBICS bol p\u00f4vodne navrhnut\u00fd ako moderniz\u00e1cia a nahradenie predch\u00e1dzaj\u00faceho \u0161tandardu pre komunik\u00e1ciu medzi firmou a bankami v Nemecku. Nesk\u00f4r ho prevzala franc\u00fazska bankov\u00e1 komunita a ned\u00e1vno aj \u0160vaj\u010diarsko a Rak\u00fasko. V\u00a0d\u00f4sledku tejto \u0161tandardiz\u00e1cie maj\u00fa firmy u\u017e nieko\u013eko rokov pr\u00edstup do v\u0161etk\u00fdch b\u00e1nk v\u00a0Nemecku, Franc\u00fazsku ako aj do \u010fal\u0161\u00edch b\u00e1nk v\u00a0in\u00fdch krajin\u00e1ch, vr\u00e1tane celoskupinov\u00fdch EBICS centier prev\u00e1dzkovan\u00fdch nadn\u00e1rodn\u00fdmi bankov\u00fdmi skupinami.<\/p>\n\n\n\n<h3 class=\"wp-block-heading\"><strong>Pozit\u00edva \u0161tandardu EBICS<\/strong><\/h3>\n\n\n\n<p class=\"ticss-bcb2cc13\">Existuj\u00fa pozit\u00edvne d\u00f4vody, pre\u010do je EBICS ob\u013e\u00faben\u00fd vo firm\u00e1ch, a\u00a0nimi s\u00fa: efekt\u00edvna n\u00e1kladovos\u0165 a pln\u00e1 podpora multibankingu. Banky dosiahli svoj cie\u013e a\u00a0to vytvorenie orient\u00e1cie dosiahnutia svojich cie\u013eov v\u00a0bud\u00facnosti a\u00a0bezpe\u010dnos\u0165 zalo\u017een\u00fa na otvorenej a\u00a0verejnej \u0161pecifik\u00e1cii.<\/p>\n\n\n\n<p><strong>V\u00fdhody \u0161tandardu EBICS<\/strong><\/p>\n\n\n\n<ul class=\"wp-block-list\">\n<li>Poskytuje jednotn\u00fd komunika\u010dn\u00fd \u0161tandard medzi z\u00e1kazn\u00edkmi a bankami<\/li>\n\n\n\n<li>Flexibilita prisp\u00f4sobenia sa r\u00f4znym scen\u00e1rom<\/li>\n\n\n\n<li>Zais\u0165uje najv\u00e4\u010d\u0161iu bezpe\u010dnos\u0165 na ka\u017edej \u00farovni<\/li>\n\n\n\n<li>Umo\u017e\u0148uje overovanie v\u0161etk\u00fdch aktu\u00e1lnych a&nbsp;nov\u00fdch typov spr\u00e1v rovnak\u00fdm mechanizmom<\/li>\n\n\n\n<li>Poskytuje siln\u00fa valid\u00e1ciu &nbsp;pomocou konceptu viac\u00farov\u0148ov\u00e9ho podpisu<\/li>\n<\/ul>\n\n\n\n<h3 class=\"wp-block-heading\"><strong>EBICS 3.0 \u2013 jeden harmonizovan\u00fd \u0161tandard?<\/strong><\/h3>\n\n\n\n<p class=\"ticss-89a517b6\">Cie\u013eom \u0161pecifik\u00e1cie EBICS 3.0 je zadefinova\u0165 jedin\u00fa \u0161tandardizovan\u00fa normu, ktor\u00e1 zos\u00fala\u010fuje rozdiely a\u00a0nakompatibility v\u00a0s\u00fa\u010dasn\u00fdch miestnych \u201edialektoch\u201c. \u0160pecifik\u00e1cia definuje celkov\u00fd r\u00e1mec, ktor\u00fd zah\u0155\u0148a komplexn\u00fa podporu pre vn\u00fatro\u0161t\u00e1tne, ofici\u00e1lne a\u00a0bilater\u00e1lne odch\u00fdlky. Av\u0161ak nev\u00fdhodou tohto pr\u00edstupu \u201ezjednocovania odli\u0161nost\u00ed\u201c, je nov\u00e1 \u00farove\u0148 zlo\u017eitosti, ktor\u00fa mus\u00ed rozozna\u0165 ve\u013ea aplik\u00e1cii podporuj\u00facich EBICS.<\/p>\n\n\n\n<p class=\"ticss-9c8ddcf4\">Najv\u00e4\u010d\u0161ou zmenou v\u00a0r\u00e1mci EBICS 3.0 je sp\u00f4sob, ak\u00fdm s\u00fa rozpozn\u00e1van\u00e9 a\u00a0overovan\u00e9 typy transakci\u00ed. Doteraz pou\u017e\u00edvan\u00e9 a\u00a0vz\u00e1jomne nekompatibiln\u00e9 modely, boli nahraden\u00e9 nov\u00fdm nadraden\u00fdm modelom, ktor\u00fd pou\u017e\u00edva Business Transaction Formats (BTF). Tieto poskytuj\u00fa v\u00e4\u010d\u0161iu \u00farove\u0148 flexibility podpory r\u00f4znych form\u00e1tov, pomocou \u010fal\u0161\u00edch parametrov, ktor\u00e9 s\u00fa vy\u017eadovan\u00e9 pre ka\u017ed\u00fd typ transakcie. To znamen\u00e1, \u017ee bankov\u00e1 asoci\u00e1cia m\u00f4\u017ee v\u00a0pr\u00edpade potreby definova\u0165 \u010fal\u0161ie potrebn\u00e9 inform\u00e1cie. T\u00e1to univerz\u00e1lnos\u0165 prin\u00e1\u0161a nov\u00e9 \u00farovne zlo\u017eitost\u00ed a vytv\u00e1ra \u0161peci\u00e1lne v\u00fdzvy pre aplik\u00e1cie pou\u017e\u00edvan\u00e9 v\u00a0medzin\u00e1rodnom prostred\u00ed b\u00e1nk a\u00a0korpor\u00e1ci\u00ed, ktor\u00e9 musia spo\u013eahlivo podporova\u0165 varianty BTF v\u0161etk\u00fdch z\u00fa\u010dastnen\u00fdch str\u00e1n. Taktie\u017e s\u00fa d\u00f4le\u017eit\u00e9 zmeny, zameran\u00e9 na harmoniz\u00e1ciu v\u00fdmenn\u00fdch autentiza\u010dn\u00fdch k\u013e\u00fa\u010dov a\u00a0vlastn\u00fdch podpisov pri pou\u017eit\u00ed certifik\u00e1tu X.509.<\/p>\n\n\n\n<h3 class=\"wp-block-heading\"><strong>Spr\u00e1vne rozhodnutie s EBICS<\/strong><\/h3>\n\n\n\n<p class=\"ticss-858e5be2\">S EBICS 3.0 je aktu\u00e1lne k\u00a0dispoz\u00edcii flexibiln\u00fd \u0161tandardizovan\u00fd r\u00e1mec, ktor\u00fd sa prisp\u00f4sobuje r\u00f4znym po\u017eiadavk\u00e1m na ka\u017edej novej \u00farovni zlo\u017eitosti. EBICS 3.0 bude svoje miesto na trhu zabera\u0165 postupne, tak\u017ee kombatibilita s\u00a0verziou EBICS 2.5 ostane aj v\u00a0nasleduj\u00facich rokoch. Pre celkov\u00e9 cezhrani\u010dn\u00e9 compliance je potrebn\u00e9 zabezpe\u010di\u0165 nepretr\u017eit\u00fa kompatibilitu medzi r\u00f4znymi rie\u0161eniami na trhoch v\u00a0r\u00f4znych krajin\u00e1ch. Z\u00a0tohto d\u00f4vodu si banky a spolo\u010dnosti musia by\u0165 ist\u00e9, \u017ee aj v\u00a0bud\u00facnosti bud\u00fa spolupracova\u0165 so sk\u00fasen\u00fdm a\u00a0profesion\u00e1lnym partnerom. Ako inov\u00e1tor a\u00a0popredn\u00fd poskytovate\u013e rie\u0161en\u00ed pre rie\u0161enia EBICS sme pripraven\u00fd \u010deli\u0165 t\u00fdmto v\u00fdzvam. Na\u0161e rie\u0161enia s\u00fa navrhnut\u00e9 tak, aby sp\u013a\u0148ali tieto o\u010dak\u00e1vania a\u00a0boli ve\u013emi \u013eahko prisp\u00f4sobite\u013en\u00e9 v\u00a0pr\u00edpade ak\u00fdchko\u013evek zmien alebo nadn\u00e1rodn\u00fdch po\u017eiadaviek a\u00a0\u0161pecifik\u00e1ci\u00ed. M\u00e1me pozit\u00edvnu sk\u00fasenos\u0165 s\u00a0implement\u00e1ciou do nieko\u013ek\u00fdch b\u00e1nk a\u00a0ve\u013ek\u00fdch nadn\u00e1rodn\u00fdch spolo\u010dnost\u00ed. Na\u0161e rie\u0161enie je pou\u017e\u00edvan\u00e9 bankami a\u00a0spolo\u010dnos\u0165ami v celej Eur\u00f3pe.<\/p>\n\n\n\n<p class=\"ticss-d7e97f6b\">Ak m\u00e1te z\u00e1ujem dozvedie\u0165 sa viac o\u00a0\u0161tandarde, alebo ako \u010do najlep\u0161ie vyu\u017ei\u0165 v\u0161etky mo\u017enosti, ktor\u00e9 pon\u00faka EBICS, nev\u00e1hajte n\u00e1s kontaktova\u0165.<\/p>\n\n\n\n<div style=\"height:40px\" aria-hidden=\"true\" class=\"wp-block-spacer\"><\/div>\n\n\n\n<div class=\"wp-block-cover alignfull\" style=\"min-height:300px;aspect-ratio:unset;\"><span aria-hidden=\"true\" class=\"wp-block-cover__background has-nv-dark-bg-background-color has-background-dim-100 has-background-dim\"><\/span><div class=\"wp-block-cover__inner-container is-layout-flow wp-block-cover-is-layout-flow\">\n<div style=\"height:79px\" aria-hidden=\"true\" class=\"wp-block-spacer\"><\/div>\n\n\n\n<div class=\"wp-block-buttons is-horizontal is-content-justification-center is-layout-flex wp-container-core-buttons-is-layout-499968f5 wp-block-buttons-is-layout-flex\">\n<div class=\"wp-block-button ticss-9e451b93 is-style-primary\"><a class=\"wp-block-button__link has-nv-site-bg-color has-text-color wp-element-button\" href=\"https:\/\/www.mdpraha.cz\/cs\/kontakt\" style=\"border-radius:6px\">KONTAKTUJTE N\u00c1S<\/a><\/div>\n<\/div>\n\n\n\n<div style=\"height:50px\" aria-hidden=\"true\" class=\"wp-block-spacer\"><\/div>\n\n\n\n<p class=\"has-text-align-center ticss-a4102a80 has-nv-text-dark-bg-color has-text-color\">Management Data Praha spol. s r.o.<br>U Uranie 954\/18<br>170 00 Praha 7 &#8211; Hole\u0161ovice<br>\u010cesk\u00e1 republika<\/p>\n\n\n\n<div style=\"height:10px\" aria-hidden=\"true\" class=\"wp-block-spacer\"><\/div>\n<\/div><\/div>\n","protected":false},"excerpt":{"rendered":"<p>EBICS\u00a0(Electronic\u00a0Banking\u00a0Internet\u00a0Communication\u00a0Standard) je internetov\u00fd komunika\u010dn\u00fd \u0161tandard elektronick\u00e9ho bankovn\u00edctva pre zabezpe\u010den\u00fa komunik\u00e1ciu podnik-banka, banka-banka a banka-CSM (vr\u00e1tane \u0161ifrovania, kompresie a elektronick\u00e9ho podpisu). Harmoniz\u00e1cia elektronick\u00e9ho bankovn\u00edctva \u2013 v\u00edzia a realita EBICS bol p\u00f4vodne navrhnut\u00fd ako moderniz\u00e1cia a nahradenie predch\u00e1dzaj\u00faceho \u0161tandardu pre komunik\u00e1ciu medzi firmou a bankami v Nemecku. Nesk\u00f4r ho prevzala franc\u00fazska bankov\u00e1 komunita a ned\u00e1vno aj \u0160vaj\u010diarsko&hellip;&nbsp;<a href=\"https:\/\/www.ebics.sk\/\" rel=\"bookmark\">\u010c\u00edst d\u00e1le &raquo;<span class=\"screen-reader-text\">EBICS<\/span><\/a><\/p>\n","protected":false},"author":1,"featured_media":0,"parent":0,"menu_order":0,"comment_status":"closed","ping_status":"closed","template":"","meta":{"neve_meta_sidebar":"full-width","neve_meta_container":"default","neve_meta_enable_content_width":"on","neve_meta_content_width":100,"neve_meta_title_alignment":"","neve_meta_author_avatar":"","neve_post_elements_order":"","neve_meta_disable_header":"","neve_meta_disable_footer":"","neve_meta_disable_title":"on","_themeisle_gutenberg_block_has_review":false,"footnotes":""},"class_list":["post-5","page","type-page","status-publish","hentry"],"_links":{"self":[{"href":"https:\/\/www.ebics.sk\/index.php?rest_route=\/wp\/v2\/pages\/5","targetHints":{"allow":["GET"]}}],"collection":[{"href":"https:\/\/www.ebics.sk\/index.php?rest_route=\/wp\/v2\/pages"}],"about":[{"href":"https:\/\/www.ebics.sk\/index.php?rest_route=\/wp\/v2\/types\/page"}],"author":[{"embeddable":true,"href":"https:\/\/www.ebics.sk\/index.php?rest_route=\/wp\/v2\/users\/1"}],"replies":[{"embeddable":true,"href":"https:\/\/www.ebics.sk\/index.php?rest_route=%2Fwp%2Fv2%2Fcomments&post=5"}],"version-history":[{"count":81,"href":"https:\/\/www.ebics.sk\/index.php?rest_route=\/wp\/v2\/pages\/5\/revisions"}],"predecessor-version":[{"id":508,"href":"https:\/\/www.ebics.sk\/index.php?rest_route=\/wp\/v2\/pages\/5\/revisions\/508"}],"wp:attachment":[{"href":"https:\/\/www.ebics.sk\/index.php?rest_route=%2Fwp%2Fv2%2Fmedia&parent=5"}],"curies":[{"name":"wp","href":"https:\/\/api.w.org\/{rel}","templated":true}]}}